{"id":134,"date":"2020-07-10T09:42:18","date_gmt":"2020-07-10T07:42:18","guid":{"rendered":"http:\/\/kristaboggs.fr\/photographe\/?page_id=134"},"modified":"2024-11-26T19:39:09","modified_gmt":"2024-11-26T18:39:09","slug":"traces-liminales","status":"publish","type":"page","link":"http:\/\/kristaboggs.fr\/photographe\/","title":{"rendered":"Traces Liminales"},"content":{"rendered":"<p>ngg_shortcode_0_placeholderTraces Liminales<\/p>\n<p>L\u2019espace Liminale peut d\u00e9crire un seuil, un \u00e9tat d\u2019esprit o\u00f9 des fronti\u00e8res s\u2019effacent et nous restons en suspend entre deux, pr\u00eats \u00e0 traverser la limite entre ce que l\u2019on \u00e9tait et de ce que l\u2019on va devenir; un \u00e9tat de s\u00e9paration et de r\u00e9incorporation.<\/p>\n<p>Au del\u00e0 d\u2019une approche esth\u00e9tique, j\u2019ai compris que le liminal est constitutif de mon identit\u00e9 et de mon parcours de vie. Ainsi, apr\u00e8s mes \u00e9tudes universitaires, je me suis s\u00e9par\u00e9e de mon pays, les Etats-Unis, et la France fut pour moi un territoire de seuil, mais aussi un espace entre deux langues, deux cultures, deux identit\u00e9s.<\/p>\n<p>Phoenix, Arizona<br \/>\nJ\u2019avais 5 ans quand mon p\u00e8re est rentr\u00e9 \u00e0 la maison avec une tortue terrestre qu\u2019il avait trouv\u00e9 en traversant le d\u00e9sert en voiture. Sa carapace \u00e9tait fissur\u00e9e. J\u2019y ai \u00e9crit notre premi\u00e8re adresse. Elle l\u2019a garda, inscrite sur son dos, jusqu\u2019\u00e0 sa mort.<\/p>\n<p>Puis j\u2019ai quitt\u00e9 Phoenix, cette zone aride ainsi nomm\u00e9e d\u2019apr\u00e8s l\u2019oiseau mythologique qui s\u2019immole et rena\u00eet de ses cendres. Notre maison s\u2019est vid\u00e9e. Mes parents n\u2019ont pris que le contenu du pick-up truck avec la tortue et firent route vers la Californie. Je suis ensuite partie \u00e0 New York faire mes \u00e9tudes, puis \u00e0 Paris.<\/p>\n<p>Une fois en exil, j\u2019ai commenc\u00e9 \u00e0 tracer un nouveau chemin. Je suis all\u00e9e jusqu\u2019au Kurdistan irakien. Les paysages me rappelant \u00e9trangement ma ville natale de Phoenix. J\u2019\u00e9tais tr\u00e8s loin de mon pays d\u2019origine et pourtant sur une m\u00eame latitude g\u00e9ographique et un terrain d\u00e9sertique semblable \u00e0 celui de mon enfance.<\/p>\n<p>Je croyais suivre une voie directe sans retour reliant Phoenix via la France, au Kurdistan, mais je r\u00e9alisais en fait qu\u2019il s\u2019agissait d\u2019une boucle. Les Kurdes m\u2019ont offert une petite tortue qui ressemblait au notre tortue terrestre d\u00e9c\u00e9d\u00e9e deux ans plut\u00f4t,&nbsp; mais elle est rest\u00e9e en Syrie.<\/p>\n<p>Je suis retourn\u00e9e dans mon Arizona natale o\u00f9 j\u2019ai ressenti la n\u00e9cessit\u00e9 de recr\u00e9er un r\u00e9cit imag\u00e9 rempla\u00e7ant les photographies de familles br\u00fbl\u00e9es lors de l\u2019incendie de la maison de ma grande m\u00e8re : le verre bris\u00e9, le clou rouill\u00e9, la renaissance des bleuets sur la Terre br\u00fbl\u00e9e\u2026etc\u2026<\/p>\n<p>L\u2019investigation est le sens du pass\u00e9.<br \/>\nLe mot investigation contient le mot vestigium.<br \/>\nLe vestige d\u00e9finit le signe qui t\u00e9moigne de la pr\u00e9sence pass\u00e9e<br \/>\nd\u2019un objet dor\u00e9navant disparu. Une empreinte de pied d\u2019un animal.<\/p>\n<p>Les traces par d\u00e9finition, ne sont donc jamais visible en tant que traces.<br \/>\nElles ne sont visibles que si elles sont cherch\u00e9es comme des marques<br \/>\nde ce qui n\u2019est plus l\u00e0.<\/p>\n<p>Pascal Quinard , \u00ab Sur le Jadis \u00bb Ed. Folio p.67<\/p>\nngg_shortcode_1_placeholder\n","protected":false},"excerpt":{"rendered":"<p>Traces Liminales L\u2019espace Liminale peut d\u00e9crire un seuil, un \u00e9tat d\u2019esprit o\u00f9 des fronti\u00e8res s\u2019effacent et nous restons en suspend entre deux, pr\u00eats \u00e0 traverser la limite entre ce que l\u2019on \u00e9tait et de ce que l\u2019on va devenir; un \u00e9tat de s\u00e9paration et de r\u00e9incorporation. Au del\u00e0 d\u2019une approche esth\u00e9tique, j\u2019ai compris que le&#8230; <\/p>\n<div class=\"read-more navbutton\"><a href=\"http:\/\/kristaboggs.fr\/photographe\/\">Lire la suite<i class=\"fa fa-angle-double-right\"><\/i><\/a><\/div>\n","protected":false},"author":1,"featured_media":0,"parent":0,"menu_order":0,"comment_status":"closed","ping_status":"closed","template":"","meta":{"ngg_post_thumbnail":0},"_links":{"self":[{"href":"http:\/\/kristaboggs.fr\/photographe\/wp-json\/wp\/v2\/pages\/134"}],"collection":[{"href":"http:\/\/kristaboggs.fr\/photographe\/wp-json\/wp\/v2\/pages"}],"about":[{"href":"http:\/\/kristaboggs.fr\/photographe\/wp-json\/wp\/v2\/types\/page"}],"author":[{"embeddable":true,"href":"http:\/\/kristaboggs.fr\/photographe\/wp-json\/wp\/v2\/users\/1"}],"replies":[{"embeddable":true,"href":"http:\/\/kristaboggs.fr\/photographe\/wp-json\/wp\/v2\/comments?post=134"}],"version-history":[{"count":12,"href":"http:\/\/kristaboggs.fr\/photographe\/wp-json\/wp\/v2\/pages\/134\/revisions"}],"predecessor-version":[{"id":268,"href":"http:\/\/kristaboggs.fr\/photographe\/wp-json\/wp\/v2\/pages\/134\/revisions\/268"}],"wp:attachment":[{"href":"http:\/\/kristaboggs.fr\/photographe\/wp-json\/wp\/v2\/media?parent=134"}],"curies":[{"name":"wp","href":"https:\/\/api.w.org\/{rel}","templated":true}]}}